
Suppose 5*q - f = 5, -3 = 2*f - 13. What is the remainder when q is divided by 2?
0
What is the remainder when 1 - (6/(-4))/((-6)/(-328)) is divided by 17?
15
Suppose 0 = 2*j - 2*w - 18, 5*j - 6 = 3*j - w. Suppose -5*l = -0*l - j*a + 10, 0 = -l + 3*a - 10. What is the remainder when l is divided by 1?
0
Suppose 0 = 2*d - 7*d + 195. What is the remainder when d is divided by 21?
18
Suppose -5*m + 15 = -165. Suppose -3*w - 67 = -4*q, 2*q + 4*w + 3 = 53. Calculate the remainder when m is divided by q.
17
Suppose -4*l + 100 = -4*z, -4*z - 123 = -5*l - z. Calculate the remainder when 93 is divided by l.
21
Suppose -3*s - 6*w - 8 = -2*w, 0 = -5*s - 3*w - 28. Let z be (-3)/(-2)*s/(-3). Suppose 72 = -0*o + z*o. What is the remainder when o is divided by 10?
8
Let d(o) be the first derivative of 4*o**3/3 + 2*o**2 - 1. Let i be d(-5). Suppose -k - i = -3*k. What is the remainder when k is divided by 21?
19
Let w = 24 - 17. Let t = -5 - -16. Calculate the remainder when t is divided by w.
4
Suppose -4*i - 16 = 8. Suppose -5*m - 68 = -5*j + 107, -2*m = 8. What is the remainder when j is divided by 60/8 + (-3)/i?
7
Let x = 3 + 5. Let h = -13 + 15. Suppose h*s - 46 = 14. Calculate the remainder when s is divided by x.
6
Let d(z) = z**2 + 3*z - 5. Let m be d(-5). Suppose -m*v + 0*v = -45. What is the remainder when 17 is divided by v?
8
Suppose -x + 2 = -0*x. What is the remainder when 8 is divided by (x/4)/((-3)/(-18))?
2
Suppose 6*l - 3*l - 45 = 0. Let c = l - 11. Let u(t) = t**3 - 3*t**2 - 4. What is the remainder when u(c) is divided by 7?
5
Let a(z) be the first derivative of -7/2*z**2 + 7*z - 2 + 1/4*z**4 + 5/3*z**3. What is the remainder when 25 is divided by a(-6)?
12
Let i = -28 - -71. Suppose -g + i = 5*w + 1, -3*g - w = -70. Calculate the remainder when 85 is divided by g.
19
Let p(l) = -l**2 + 38*l + 68. Suppose 0 = r - 5 - 11. What is the remainder when p(39) is divided by r?
13
Suppose -3*l = -0*l + 3*g, -5*g - 18 = -4*l. Suppose 4*w = 100 - 40. Calculate the remainder when w/4 - (-3)/12 is divided by l.
0
Suppose -7*p + 3*p - 8 = 0. Suppose 5*d + 47 = -s - 16, 5*s + 3*d + 315 = 0. Calculate the remainder when s/(-6)*-1*p is divided by 11.
10
Let s = 40 + -81. Let l = s + 86. Let n = -4 + l. What is the remainder when n is divided by 14?
13
Suppose 2*u - 105 = 5*a - 0*u, -5*a + u - 105 = 0. Let j = a - -37. What is the remainder when 45 is divided by j?
13
Suppose -20 + 128 = 4*o. Calculate the remainder when 134 is divided by o.
26
Let v = -90 - -148. What is the remainder when v is divided by (-12)/3 + 2 + 22?
18
Let p(z) = -z**3 + 8*z**2 + 7. Let s be p(8). Let x = s + -12. Calculate the remainder when 20 is divided by -2*(-1 - x/(-2)).
6
Calculate the remainder when 146 is divided by ((-150)/(-8))/(39/104).
46
Let g = -47 - -53. What is the remainder when 22 is divided by g?
4
Let f = 3 - -5. Let y = f + 10. What is the remainder when 52 is divided by y?
16
Suppose 4*j + 40 = -2*i, -3*j + 0*i = 3*i + 33. Let o = -19 - j. Let b = o - -22. What is the remainder when 22 is divided by b?
10
Let t(q) = 54*q**2 + 1. Let n(y) = -y**3 - 16*y**2 - 14*y + 16. Let o be n(-15). What is the remainder when t(o) is divided by 19?
17
Suppose -3*j - q + 23 = 0, 6*q + 7 = -j + 2*q. Calculate the remainder when 25 is divided by j.
7
Let q = -124 + 136. Calculate the remainder when 59 is divided by q.
11
Suppose 5*h = 4*a - 55, 5*a - 44 = -4*h + 2*h. What is the remainder when 38 is divided by a?
8
Suppose 0 = -s + 6*s. Let l(i) = 6 - i - 2 + 0*i. What is the remainder when 6 is divided by l(s)?
2
Let t(d) = d**3 - 5*d**2 - 10*d - 3. Let i be t(7). Suppose -5*f = i - 0, 4*o - 36 = 4*f. Calculate the remainder when o is divided by 2.
0
Let i(t) = -t**2 + 11*t - 12. What is the remainder when 10 is divided by i(9)?
4
Let z = 16 - 9. Let u = 17 + z. Calculate the remainder when 46 is divided by u.
22
Suppose 0 = u - 2, -4*u = -5*c - 7*u + 116. Suppose 4*p = c - 2. Suppose -p*g + 40 = 4*s + s, -64 = -3*g + 5*s. Calculate the remainder when g is divided by 7.
6
Let n = 11 + 0. Calculate the remainder when 41 is divided by n.
8
Let f(v) = v**2 + 8*v + 14. Let g(d) = -d**3 + 6*d**2 + 3*d - 9. Let p be 28/5 + (-4)/(-10). What is the remainder when f(-10) is divided by g(p)?
7
Let o = 16 + -13. Suppose 2*x - 35 = -o*x. What is the remainder when x is divided by 4?
3
Let l(b) = -35*b - 2. What is the remainder when 129 is divided by l(-1)?
30
Suppose 5*d - 132 = 5*a + 283, 0 = 2*d - a - 168. Let p = -48 + d. Calculate the remainder when p is divided by (11 - -12) + (-4 - -1).
17
Suppose 4*u = 13 - 5. Suppose 0 = 5*d + u*n - 53, -d + 0*d = -2*n - 13. What is the remainder when 32 is divided by d?
10
Suppose 0*b + 6 = 2*b. What is the remainder when 26 is divided by -27*(2/b + -1)?
8
Suppose 0 = -0*v - 3*v + 30. Suppose 4*z + 8 = 0, z - 39 = -2*w + 13. Calculate the remainder when ((-8)/(-12))/(1/w) is divided by v.
8
Let g(k) = 3 - 10*k - 3 - 8 - k**2. What is the remainder when 24 is divided by g(-7)?
11
Suppose -3*l + 50 = -40. Suppose 1 = -5*v + 6, 2*u - 4*v = l. What is the remainder when 65 is divided by u?
14
Let s = -8 - -11. Suppose s*b = -q - q + 98, 4*q - 3*b - 160 = 0. Let g = 48 - 33. What is the remainder when q is divided by g?
13
Let d(m) = m**2 - 15*m + 102. Suppose -5*r = 2*f - 79, -3*r + 5*f = -65 - 1. What is the remainder when d(12) is divided by r?
15
Let o = 116 + -46. Calculate the remainder when o is divided by 20.
10
Let i = 25 + -10. Suppose -3*p - 5 = -2, -2*p + 44 = 2*a. Suppose -v - 31 = -5*s + 2*v, 4*s = 3*v + a. What is the remainder when i is divided by s?
7
Suppose -4*b - 4 = 2*q - 52, 5*q = 5*b - 30. What is the remainder when 29 is divided by b?
9
Suppose -4*j = -4*a + 24, 0*j - a = -4*j - 12. Suppose -h = -0*h - t - 4, 3*t = 5*h - 30. Calculate the remainder when 26*1 + j + 1 is divided by h.
7
Calculate the remainder when 5 is divided by 2 - 16/4 - -4.
1
Suppose 5*r - 38 = 3*r. Suppose 4*v - r = -5*i, 4*v = 3*i + 8*v - 13. Calculate the remainder when 5 is divided by i.
2
Let q(w) = -w**3 + 10*w**2 - 2*w - 6. Let z be q(5). Suppose -t - c = -29 - 2, c - z = -4*t. What is the remainder when t is divided by 9?
8
Let x = 27 - 10. Let h(m) = 2*m**3 - 4*m**2 - 2*m - 1. Let d be h(-3). What is the remainder when x is divided by d/(-10) - (-1)/2?
8
Let g be 1*-1 - 30/(-3). Let v = g - -12. Calculate the remainder when 62 is divided by v.
20
Let f(n) = n**2 + n - 3. Calculate the remainder when f(3) is divided by 4.
1
Let g(l) = l**2 - 5*l - 6. Calculate the remainder when g(11) is divided by 21.
18
Let t(o) = o**3 - o**2 + o + 88. What is the remainder when t(0) is divided by 4/30 + (-1)/(-15)*448?
28
Suppose 63 = h + 2*h. What is the remainder when h is divided by 12?
9
Suppose y + 17 = 39. What is the remainder when y is divided by 6?
4
Let g(q) = q**2 - 5*q + 6. Let t be g(5). Suppose -4*i + t = -3*i. Calculate the remainder when 11 is divided by i.
5
Suppose 0*j - 3*j + 43 = -5*t, 4*j = -3*t + 38. Calculate the remainder when 63 is divided by j.
8
Let f = -4 + 37. Let q(l) = -l**3 - 9*l**2 + 2*l + 2. Let t be q(-9). Calculate the remainder when f is divided by (68/t)/((-3)/12).
16
Suppose 0 = -4*i + u + 68, -i - 4*u + 42 = 8. What is the remainder when 3 is divided by (-1 - -1) + i/9?
1
What is the remainder when (2 + -4)*73/(-2) is divided by 25?
23
Let t be 3/6*(-1 + 1). Let i = t + 2. Suppose -i*j + j + 41 = 0. What is the remainder when j is divided by 21?
20
What is the remainder when (-3)/(-7) - (-1910)/35 is divided by 15?
10
Suppose 15*h - 754 = 266. What is the remainder when h is divided by 37?
31
Suppose -3*k + 60 = -0*k - 2*j, j - 69 = -4*k. Suppose 0 = 3*g - 8*g + 3*n - 128, 4*g - 2*n = -104. What is the remainder when g*(-2 - 3/(-4)) is divided by k?
17
Suppose -163 - 81 = -4*j. Suppose -3*c + 38 + j = 0. Calculate the remainder when c is divided by 12.
9
Let x = 70 + -27. What is the remainder when x/9 + (-14)/(-63) is divided by 3?
2
Let h(t) be the third derivative of -t**6/120 + t**5/30 - t**4/24 - t**3/3 + 3*t**2. Let k be h(-2). What is the remainder when 17 is divided by 1 - k/(-4 + 2)?
8
Let g(w) = -w + 5. Let s be g(0). Suppose 2*u + 1 = 5*t, -t + s*t - 3*u = -2. Let v = 18 + t. What is the remainder when v i